{"id":8748,"date":"2025-10-05T17:12:37","date_gmt":"2025-10-05T15:12:37","guid":{"rendered":"https:\/\/agrobiz.pl\/?post_type=product&#038;p=8748"},"modified":"2025-10-06T12:52:03","modified_gmt":"2025-10-06T10:52:03","slug":"kapusta-ambrosia","status":"publish","type":"product","link":"https:\/\/agrobiz.pl\/zakupy\/produkt\/kapusta-ambrosia\/","title":{"rendered":"Kapusta Ambrosia"},"content":{"rendered":"<p>Kapusta Ambrosia<\/p>\n<p>Kapusta do kwaszenia i do bezpo\u015bredniego spo\u017cycia.<\/p>\n","protected":false},"excerpt":{"rendered":"<p>Kapusta Ambrosia<\/p>\n<p>Kapusta do kwaszenia i do bezpo\u015bredniego spo\u017cycia.<\/p>\n<p>Mo\u017cliwa wysy\u0142ka do paczkomat\u00f3w Inpost.<\/p>\n<p>Cena za 1 Kg<\/p>\n","protected":false},"featured_media":8749,"comment_status":"open","ping_status":"closed","template":"","meta":[],"product_brand":[],"product_cat":[24],"product_tag":[709,710,711],"class_list":{"0":"post-8748","1":"product","2":"type-product","3":"status-publish","4":"has-post-thumbnail","6":"product_cat-wyprzedaz","7":"product_tag-kapusta","8":"product_tag-kapusta-ambrosia","9":"product_tag-kapusta-do-kwaszenia","10":"product_shipping_class-paczka-1-kg","12":"first","13":"instock","14":"sale","15":"shipping-taxable","16":"purchasable","17":"product-type-simple"},"_links":{"self":[{"href":"https:\/\/agrobiz.pl\/zakupy\/wp-json\/wp\/v2\/product\/8748","targetHints":{"allow":["GET"]}}],"collection":[{"href":"https:\/\/agrobiz.pl\/zakupy\/wp-json\/wp\/v2\/product"}],"about":[{"href":"https:\/\/agrobiz.pl\/zakupy\/wp-json\/wp\/v2\/types\/product"}],"replies":[{"embeddable":true,"href":"https:\/\/agrobiz.pl\/zakupy\/wp-json\/wp\/v2\/comments?post=8748"}],"wp:featuredmedia":[{"embeddable":true,"href":"https:\/\/agrobiz.pl\/zakupy\/wp-json\/wp\/v2\/media\/8749"}],"wp:attachment":[{"href":"https:\/\/agrobiz.pl\/zakupy\/wp-json\/wp\/v2\/media?parent=8748"}],"wp:term":[{"taxonomy":"product_brand","embeddable":true,"href":"https:\/\/agrobiz.pl\/zakupy\/wp-json\/wp\/v2\/product_brand?post=8748"},{"taxonomy":"product_cat","embeddable":true,"href":"https:\/\/agrobiz.pl\/zakupy\/wp-json\/wp\/v2\/product_cat?post=8748"},{"taxonomy":"product_tag","embeddable":true,"href":"https:\/\/agrobiz.pl\/zakupy\/wp-json\/wp\/v2\/product_tag?post=8748"}],"curies":[{"name":"wp","href":"https:\/\/api.w.org\/{rel}","templated":true}]}}