{"id":8714,"date":"2025-05-11T22:14:44","date_gmt":"2025-05-11T20:14:44","guid":{"rendered":"https:\/\/agrobiz.pl\/?post_type=product&#038;p=8714"},"modified":"2025-10-07T20:46:59","modified_gmt":"2025-10-07T18:46:59","slug":"orzechy-wloskie","status":"publish","type":"product","link":"https:\/\/agrobiz.pl\/zakupy\/produkt\/orzechy-wloskie\/","title":{"rendered":"1 Kg Orzechy w\u0142oskie"},"content":{"rendered":"<p>Oferujemy Orzechy w\u0142oskie ze zbior\u00f3w w 2025 r.<\/p>\n<p>Wysy\u0142ka po osi\u0105gni\u0119ciu dojrza\u0142o\u015bci zbiorczej.<\/p>\n<p>Wysy\u0142amy do Paczkomat\u00f3w Inpost<\/p>\n<p>Waga max.\u00a0 20 Kg w jednej przesy\u0142ce.<\/p>\n<p>Cena za 1 kg.<\/p>\n<p>&nbsp;<\/p>\n","protected":false},"excerpt":{"rendered":"<p>Oferujemy Orzechy w\u0142oskie ze zbior\u00f3w w 2025 r.<\/p>\n<p>Wysy\u0142ka po osi\u0105gni\u0119ciu dojrza\u0142o\u015bci zbiorczej.<\/p>\n<p>Wysy\u0142amy do Paczkomat\u00f3w Inpost<\/p>\n<p>Waga max.\u00a0 20 Kg w jednej przesy\u0142ce.<\/p>\n<p>Cena za 1 Kg<\/p>\n","protected":false},"featured_media":8202,"comment_status":"open","ping_status":"closed","template":"","meta":[],"product_brand":[],"product_cat":[24],"product_tag":[],"class_list":{"0":"post-8714","1":"product","2":"type-product","3":"status-publish","4":"has-post-thumbnail","6":"product_cat-wyprzedaz","8":"first","9":"instock","10":"shipping-taxable","11":"purchasable","12":"product-type-simple"},"_links":{"self":[{"href":"https:\/\/agrobiz.pl\/zakupy\/wp-json\/wp\/v2\/product\/8714","targetHints":{"allow":["GET"]}}],"collection":[{"href":"https:\/\/agrobiz.pl\/zakupy\/wp-json\/wp\/v2\/product"}],"about":[{"href":"https:\/\/agrobiz.pl\/zakupy\/wp-json\/wp\/v2\/types\/product"}],"replies":[{"embeddable":true,"href":"https:\/\/agrobiz.pl\/zakupy\/wp-json\/wp\/v2\/comments?post=8714"}],"wp:featuredmedia":[{"embeddable":true,"href":"https:\/\/agrobiz.pl\/zakupy\/wp-json\/wp\/v2\/media\/8202"}],"wp:attachment":[{"href":"https:\/\/agrobiz.pl\/zakupy\/wp-json\/wp\/v2\/media?parent=8714"}],"wp:term":[{"taxonomy":"product_brand","embeddable":true,"href":"https:\/\/agrobiz.pl\/zakupy\/wp-json\/wp\/v2\/product_brand?post=8714"},{"taxonomy":"product_cat","embeddable":true,"href":"https:\/\/agrobiz.pl\/zakupy\/wp-json\/wp\/v2\/product_cat?post=8714"},{"taxonomy":"product_tag","embeddable":true,"href":"https:\/\/agrobiz.pl\/zakupy\/wp-json\/wp\/v2\/product_tag?post=8714"}],"curies":[{"name":"wp","href":"https:\/\/api.w.org\/{rel}","templated":true}]}}